{"id":8607,"date":"2024-01-29T08:43:40","date_gmt":"2024-01-29T08:43:40","guid":{"rendered":"http:\/\/doropizon.com\/?page_id=8607"},"modified":"2024-07-20T11:43:05","modified_gmt":"2024-07-20T11:43:05","slug":"impressum","status":"publish","type":"page","link":"https:\/\/doropizon.com\/?page_id=8607","title":{"rendered":"Impressum"},"content":{"rendered":"\n<pre class=\"wp-block-preformatted\">Angaben gem\u00e4\u00df \u00a7 5 TMG<br><br>Dorothea Pizon<br>Alfred-Kowalke-Str. 24<br>10315 Berlin<br><br>Kontakt<br>Telefon: +49 176 83364662<br>E-Mail: doropizon.info@gmail.com<br><br>Streitschlichtung<br>Die Europ\u00e4ische Kommission stellt eine Plattform zur Online-Streitbeilegung (OS) bereit: https:\/\/ec.europa.eu\/consumers\/odr.<br>Meine E-Mail-Adresse findest Du oben im Impressum. Ich bin nicht bereit oder verpflichtet, an Streitbeilegungsverfahren vor einer Verbraucherschlichtungsstelle teilzunehmen.<br><br>Haftung f\u00fcr Inhalte<br>Als Diensteanbieter bin ich gem\u00e4\u00df \u00a7 7 Abs.1 TMG f\u00fcr eigene Inhalte auf diesen Seiten nach den allgemeinen Gesetzen verantwortlich. Nach \u00a7\u00a7 8 bis 10 TMG bin ich als Diensteanbieter jedoch nicht verpflichtet, \u00fcbermittelte oder gespeicherte fremde Informationen zu \u00fcberwachen oder nach Umst\u00e4nden zu forschen, die auf eine rechtswidrige T\u00e4tigkeit hinweisen.<br><br>Verpflichtungen zur Entfernung oder Sperrung der Nutzung von Informationen nach den allgemeinen Gesetzen bleiben hiervon unber\u00fchrt. Eine diesbez\u00fcgliche Haftung ist jedoch erst ab dem Zeitpunkt der Kenntnis einer konkreten Rechtsverletzung m\u00f6glich. Bei Bekanntwerden von entsprechenden Rechtsverletzungen werde ich diese Inhalte umgehend entfernen.<br><br>Haftung f\u00fcr Links<br>Mein Angebot enth\u00e4lt Links zu externen Websites Dritter, auf deren Inhalte ich keinen Einfluss habe. Deshalb kann ich f\u00fcr diese fremden Inhalte auch keine Gew\u00e4hr \u00fcbernehmen. F\u00fcr die Inhalte der verlinkten Seiten ist stets der jeweilige Anbieter oder Betreiber der Seiten verantwortlich. Die verlinkten Seiten wurden zum Zeitpunkt der Verlinkung auf m\u00f6gliche Rechtsverst\u00f6\u00dfe \u00fcberpr\u00fcft. Rechtswidrige Inhalte waren zum Zeitpunkt der Verlinkung nicht erkennbar. Eine permanente inhaltliche Kontrolle der verlinkten Seiten ist jedoch ohne konkrete Anhaltspunkte einer<br>Rechtsverletzung nicht zumutbar. Bei Bekanntwerden von<br>Rechtsverletzungen werden wir derartige Links umgehend entfernen.<br><br>Urheberrecht<br>Die durch die Seitenbetreiber erstellten Inhalte und Werke auf diesen Seiten unterliegen dem deutschen Urheberrecht. Die Vervielf\u00e4ltigung, Bearbeitung, Verbreitung und jede Art der Verwertung au\u00dferhalb der Grenzen des Urheberrechtes bed\u00fcrfen der schriftlichen Zustimmung des jeweiligen Autors bzw. Erstellers. Downloads und Kopien dieser Seite sind nur f\u00fcr den privaten, nicht kommerziellen Gebrauch gestattet. Soweit die Inhalte auf dieser Seite nicht vom Betreiber erstellt wurden, werden die Urheberrechte Dritter beachtet. Insbesondere werden Inhalte Dritter als solche gekennzeichnet. Solltest Du trotzdem auf eine Urheberrechtsverletzung aufmerksam werden, bitte ich um einen entsprechenden Hinweis. Bei Bekanntwerden von Rechtsverletzungen werde ich derartige Inhalte umgehend entfernen.<br><br>Quelle: www.e-recht24.de<br><br> <br> <\/pre>\n","protected":false},"excerpt":{"rendered":"<p>Angaben gem\u00e4\u00df \u00a7 5 TMG\u00adDorothea Pizon\u00adAl\u00adfred-Kowalke-Str. 2410315 BerlinKon\u00adtak\u00adt\u00adTele\u00adfon: +49 176 83364662E-Mail: doropizon.info@gmail.comStreitschlichtungDie Europ\u00e4is\u00adche Kom\u00admis\u00adsion stellt eine Plat\u00adtform zur Online-Stre\u00adit\u00adbei\u00adle\u00adgung (OS) bere\u00adit: https:\/\/ec.europa.eu\/consumers\/odr.Meine E\u2011Mail-Adresse find\u00adest Du oben im Impres\u00adsum. Ich bin nicht bere\u00adit oder verpflichtet, an Stre\u00adit\u00adbei\u00adle\u00adgungsver\u00adfahren vor ein\u00ader Ver\u00adbrauch\u00ader\u00adschlich\u00adtungsstelle teilzunehmen.Haftung f\u00fcr Inhal\u00adteAls Dien\u00adstean\u00adbi\u00adeter bin ich gem\u00e4\u00df \u00a7 7 Abs.1 TMG f\u00fcr eigene Inhalte auf diesen\u2026<\/p>\n","protected":false},"author":1,"featured_media":0,"parent":0,"menu_order":0,"comment_status":"closed","ping_status":"closed","template":"","meta":{"wp_typography_post_enhancements_disabled":false,"_monsterinsights_skip_tracking":false,"_monsterinsights_sitenote_active":false,"_monsterinsights_sitenote_note":"","_monsterinsights_sitenote_category":0,"_kadence_starter_templates_imported_post":false,"_kad_post_transparent":"","_kad_post_title":"","_kad_post_layout":"","_kad_post_sidebar_id":"","_kad_post_content_style":"","_kad_post_vertical_padding":"","_kad_post_feature":"","_kad_post_feature_position":"","_kad_post_header":false,"_kad_post_footer":false,"footnotes":"","_links_to":"","_links_to_target":""},"_links":{"self":[{"href":"https:\/\/doropizon.com\/index.php?rest_route=\/wp\/v2\/pages\/8607"}],"collection":[{"href":"https:\/\/doropizon.com\/index.php?rest_route=\/wp\/v2\/pages"}],"about":[{"href":"https:\/\/doropizon.com\/index.php?rest_route=\/wp\/v2\/types\/page"}],"author":[{"embeddable":true,"href":"https:\/\/doropizon.com\/index.php?rest_route=\/wp\/v2\/users\/1"}],"replies":[{"embeddable":true,"href":"https:\/\/doropizon.com\/index.php?rest_route=%2Fwp%2Fv2%2Fcomments&post=8607"}],"version-history":[{"count":5,"href":"https:\/\/doropizon.com\/index.php?rest_route=\/wp\/v2\/pages\/8607\/revisions"}],"predecessor-version":[{"id":9632,"href":"https:\/\/doropizon.com\/index.php?rest_route=\/wp\/v2\/pages\/8607\/revisions\/9632"}],"wp:attachment":[{"href":"https:\/\/doropizon.com\/index.php?rest_route=%2Fwp%2Fv2%2Fmedia&parent=8607"}],"curies":[{"name":"wp","href":"https:\/\/api.w.org\/{rel}","templated":true}]}}